{"id":885,"date":"2026-03-31T19:27:34","date_gmt":"2026-03-31T19:27:34","guid":{"rendered":"https:\/\/dharmabernardi.com\/?page_id=885"},"modified":"2026-03-31T19:27:34","modified_gmt":"2026-03-31T19:27:34","slug":"lenneagramma-biologico","status":"publish","type":"page","link":"https:\/\/dharmabernardi.com\/index.php\/lenneagramma-biologico\/","title":{"rendered":"L\u2019enneagramma Biologico"},"content":{"rendered":"\n<p>L\u2019enneagramma Biologico \u00e8 uno strumento ideato a Manuele Baciarelli che mette in relazione i sintomi fisici con la propria personalit\u00e0. Si tratta dell\u2019unione di due discipline ben consolidate, la prima, l\u2019enneagramma, che guarda gli aspetti del carattere, l\u2019altra, le leggi biologiche, che descrive il senso delle alterazioni fisiologiche. Questa unione permette non solo di comprendere fino in fondo il perch\u00e9 delle malattie, ma anche di avere a disposizione una strategia funzionale per uscire dalle recidive grazie al riconoscimento dei propri punti di forza come quelli di debolezza.<\/p>\n\n\n\n<p>L\u2019enneagramma infatti riesce a delineare con precisione le varie tipologie di personalit\u00e0 con i propri talenti e conflitti. La classifica parte da tre centri d\u2019intelligenza: mentale, emotiva e viscerale. In ognuno di questi centri ci sono tre tipi di propensioni e caratteri diversi, per un totale di nove principali, anche chiamati enneatipi. Sono nove specifiche attitudini rispetto alla vita, quindi nove modalit\u00e0 intrinseche comportamentali. Anche se ogni persona ha un enneatipo principale, il quadro completo della personalit\u00e0 emerge con tre enneatipi, uno in ogni centro d\u2019intelligenza. La mappa che ne esce descrive con precisione le nostre inclinazioni, i nostri pregi e bisogni come anche le nostre difficolt\u00e0 interiori, quelle difficolt\u00e0 cicliche che incontriamo nella vita fin dall\u2019infanzia. In poche parole il proprio enneatipo descrive la strategia inconscia di sopravvivenza alle sfide di tutti i giorni.<\/p>\n\n\n\n<p>Ed \u00e8 proprio il tema della sopravvivenza che accomuna le due discipline che compongono dell\u2019enneagrmma biologico, infatti le 5 leggi biologiche descrivono tutti i cambiamenti fisiologici, cambiamenti che spesso chiamiamo malattia, come programmi mirati alla sopravvivenza. Questa scienza osserva la relazione tra il percepito e le alterazioni dei tessuti. Non \u00e8 un segreto che in base alle nostre sensazioni il nostro corpo subisce delle modifiche, come un aumento della salivazione quando sentiamo un odore invitante, mirato a poter inglobare meglio il boccone. La corrispondenza tra l\u2019acquolina in bocca e l\u2019odore invitante \u00e8 abbastanza evidente, tuttavia se dovessimo nascondere questo odore potremmo cadere nella trappola della malattia, e potremmo dire di avere un attacco di salivite acuta fulminea per esempio. Come il giorno e la notte, anche i processi del corpo hanno due fasi opposte, la prima \u00e8 la fase attiva mirata alla sopravvivenza, o meglio al risolvere la sfida (come inglobare il boccone), la seconda \u00e8 mirata al recupero e al ripristino della funzione normale, ed \u00e8 in questa fase che abbiamo la maggior parte dei sintomi. Il problema insorge quando ci troviamo in un loop mentale percettivo dove continuiamo a fare attivazioni e recuperi senza che ci sia una situazoine oggettiva da risolvere<\/p>\n\n\n\n<p>Alla luce della scoperta della curva bifasica delle leggi biologiche, che osserva la malattia come un cambiamento funzionale alla sopravvivenza, un cambiamento dato esclusivamente dalla percezione, unica e soggettiva, conoscere le caratteristiche della personalit\u00e0 grazie all\u2019enneagramma diventa fondamentale.<\/p>\n\n\n\n<p>L\u2019enneagramma biologico permette quindi di conoscersi meglio, conoscersi attraverso il carattere come anche attraverso i vari sintomi che nel corso della vita ci sono venuti, quelli che sono passati spontaneamente ma anche quelli che tutt\u2019ora ci turbano e che necessitano un cambiamento concreto nella vita di tutti i giorni. Poter conoscere i propri punti di forza grazie ai quali possiamo uscire dai conflitti \u00e8 la preziosa funzionalit\u00e0 di questa disciplina.<\/p>\n","protected":false},"excerpt":{"rendered":"<p>L\u2019enneagramma Biologico \u00e8 uno strumento ideato a Manuele Baciarelli che mette in relazione i sintomi fisici con la propria personalit\u00e0. Si tratta dell\u2019unione di due discipline ben consolidate, la prima, l\u2019enneagramma, che guarda gli aspetti del carattere, l\u2019altra, le leggi biologiche, che descrive il senso delle alterazioni fisiologiche. Questa unione permette non solo di comprendere [&hellip;]<\/p>\n","protected":false},"author":1,"featured_media":0,"parent":0,"menu_order":0,"comment_status":"closed","ping_status":"closed","template":"","meta":{"footnotes":""},"class_list":["post-885","page","type-page","status-publish","hentry"],"_links":{"self":[{"href":"https:\/\/dharmabernardi.com\/index.php\/wp-json\/wp\/v2\/pages\/885","targetHints":{"allow":["GET"]}}],"collection":[{"href":"https:\/\/dharmabernardi.com\/index.php\/wp-json\/wp\/v2\/pages"}],"about":[{"href":"https:\/\/dharmabernardi.com\/index.php\/wp-json\/wp\/v2\/types\/page"}],"author":[{"embeddable":true,"href":"https:\/\/dharmabernardi.com\/index.php\/wp-json\/wp\/v2\/users\/1"}],"replies":[{"embeddable":true,"href":"https:\/\/dharmabernardi.com\/index.php\/wp-json\/wp\/v2\/comments?post=885"}],"version-history":[{"count":1,"href":"https:\/\/dharmabernardi.com\/index.php\/wp-json\/wp\/v2\/pages\/885\/revisions"}],"predecessor-version":[{"id":886,"href":"https:\/\/dharmabernardi.com\/index.php\/wp-json\/wp\/v2\/pages\/885\/revisions\/886"}],"wp:attachment":[{"href":"https:\/\/dharmabernardi.com\/index.php\/wp-json\/wp\/v2\/media?parent=885"}],"curies":[{"name":"wp","href":"https:\/\/api.w.org\/{rel}","templated":true}]}}